26.
5
Calculate 9 - -1 - (21 + -8 + 18).
-21
What is the value of -3 + (-16 - (-7 + (4 - -3)))?
-19
Evaluate -17 + (13 - (9 - 4)) + 42 + -9.
24
Calculate (0 - -3) + 18 + 5 + -25 - 4.
-3
689 + -669 - (3 + 2 + -2)
17
Calculate -83 + 82 + (-1 - (-1 + -3)).
2
Evaluate -10 + (37 - 32) + -15 + (4 - 2).
-18
What is the value of 7 - ((-2 - (20 + -9)) + 9)?
11
What is (-20 - (-63 + 2)) + -21?
20
What is 17 + (-1 - -6) + -9?
13
-8 + -8 + -2 - -17
-1
0 + -5 + (-17 - (6 - 18))
-10
What is the value of -2 + (2 + -2 - -2)?
0
What is 4 - (2 - (1 + (-8 - -4) - -2))?
1
What is the value of (-1 - 7) + (5 - 3)?
-6
What is the value of 2 + (2 - 3 - (-4 - (-11 - -13)))?
7
Calculate -2 + -3 + (-4 + (20 - -4) - 1).
14
Evaluate -18 + ((7 - -16) + 15 - -6).
26
Calculate (0 - -14) + 13 + -3 + (-61 - -51).
14
What is -7 - ((5 - 0) + 1 + 0 - 12)?
-1
-7 + (-18 - -17) + (27 - (5 - 3))
17
What is -16 + -6 + (19 - 16 - -5)?
-14
What is (22 - (59 + -48)) + -52 + 1?
-40
Evaluate 22 - (-1 - (-4 - 6)).
13
Calculate -1 + (6 - 1) + 0 + (67 - 55).
16
What is the value of (15 - 9) + -10 + (12 + 1 - 3)?
6
What is 5 + 32 + -24 + -10?
3
Evaluate (0 - (6 - (-2 + 13))) + -8.
-3
What is -4 - (9 - 12) - (-29 - -9)?
19
-2 + 4 + 4 + -3 + 6 + 5
14
Evaluate 9 - (-7 - (8 + 1 - (20 + -2))).
7
What is the value of 27 + 1 + -16 + (2 - 11)?
3
1 + -1 - (36 - 24)
-12
Evaluate (5 + (12 - 9) - 4) + -7.
-3
What is the value of 11 - ((-5 - 8) + 13)?
11
What is 9 - (17 + -3 - 14)?
9
Evaluate (14 - ((-4 - 1) + 1)) + -4.
14
Evaluate (-18 - -1) + 1 + (88 - (69 + 18)).
-15
What is the value of 2094 + -2053 - (0 + 18)?
23
What is the value of (14 - (7 - -4)) + 17 + (2 - 5)?
17
-2 + 0 + 14 + (-825 - -835)
22
What is the value of 2 + -1 + 8 + -14 + 4 + 5?
4
What is -4 + -2 - (-1 - (8 - 2)) - 4?
-3
What is the value of 0 - (13 + (-6 - (-3 + 0)))?
-10
Evaluate -2 - -19 - (279 - 268).
6
Calculate -4 + -5 + 3 + 0 + 2 - -1.
-3
(4 - 8) + (38 - 3) + -13
18
Calculate (-37 - -43) + 0 + -41 + 10.
-25
(1 - -13) + (-2 - (-25 + 27))
10
-13 - (-37 + (15 - 1))
10
Calculate (-62 - -53) + (-3 - (-8 - -12)).
-16
12 - (25 + (-8 + 8 - 9))
-4
Calculate (-99 - -90) + (-2 - -30) - 9.
10
What is 0 - 1 - 3 - (35 + -51 + 8)?
4
-14 - (-3 + 16 - 24)
-3
Evaluate (16 - -8 - 10) + -13 - (23 - -3).
-25
(-10 - (-3 - (5 + -8))) + 20
10
-7 + 8 + (3 - -9) + -1
12
What is the value of 2 + -34 + 8 - (-6 - 4)?
-14
Calculate 14 + (-38 - -24) + -4 + 10.
6
Evaluate 21 + -9 - (1 - 0).
11
What is the value of (-8 + 5 - -6) + (14 - 16)?
1
What is -24 + -1 + (483 - 451)?
7
What is the value of 6 + -28 + 10 + 4 + 3?
-5
What is (18 + -21 - 6) + 5?
-4
What is the value of 17 + (11 + -2 - (9 + 6))?
11
Calculate -2 + 5 + (5 + -8 - 4).
-4
-4 - (5 + (-7 - (-3 - 11)))
-16
What is the value of 19 - (-12 - (0 + -22))?
9
What is the value of 26 + -38 + (0 - -2 - -8)?
-2
-2 + 10 + (-25 - (6 + -20))
-3
What is the value of 34 + (10 + -6 - (35 + -12) - -10)?
25
Calculate (-4 - 2) + -4 + 8 + -5.
-7
Evaluate (8 - -4 - 8 - -19) + 3 + -4.
22
What is the value of -14 - -1 - (-108 + 85)?
10
What is (-25 - -23) + 9 - -18?
25
What is (64 - 69) + (-1 - 1) + 2 + 15?
10
What is 105 - 133 - (0 - (6 - 3))?
-25
What is the value of -16 + 15 + (4 - 9) + 1 + 5?
0
(32 - 7) + -5 + -15 + 29 + -21
13
Evaluate -31 + (17 - -5) + 21.
12
What is the value of -16 - (4 + 10 + -36)?
6
(-14 - -3) + (-3 + 12 - 9)
-11
What is 8 + 6 + (-7 - (18 + 0))?
-11
What is 22 - 8 - (-68 + 86)?
-4
What is -4 + 7 - (-4 - -9)?
-2
6 + -11 + 7 + -5
-3
What is 9 - (11 + -2 + -9) - (-1 - -23)?
-13
What is (-6 - -5) + 12 + -9 + 3?
5
What is the value of (184 - 203) + (4 - (-2 + (1 - -2)))?
-16
What is -299 + 301 + (-1 - 1)?
0
Calculate -34 - (2 + -34 - -9).
-11
Calculate 0 + 7 - ((33 - 39) + (-7 - -2)).
18
Calculate -458 + 470 - (0 - 23).
35
-10 - -11 - (-31 + 29 - (-2 - 0))
1
Evaluate -11 - -1 - ((-1 - (1 - -4)) + 1).
-5
Evaluate 0 + 16 + -9 + -1 + 5.
11
Calculate (-26 - -16) + -1 + 26 + -8.
7
What is -19 - (377 + -363 - (68 + 1))?
36
-10 + (-2 + -17 + 5 - -15)
-9
Evaluate (19 - 0) + -43 + 37 + 7.
20
Calculate -27 + 31 - (1 - 0 - 0) - -5.
8
Calculate 14 - 1 - (-135 - -136).
12
What is the value of 62 + (-20 - 15) + -32?
-5
What is the value of (-899 - -861) + (12 - 1)?
-27
Calculate 12 - -1 - (-11 - (-57 + 28)).
-5
What is the value of -4 - (-20 - (-45 - -25))?
-4
What is the value of (5 - 0) + (9 - ((-6 - 6) + 23))?
3
What is the value of -11 + 0 - (44 + -24 + -33)?
2
Evaluate -13 + (18 - (11 - -2)).
-8
What is -7 + 13 + -3 + -15?
-12
Calculate ((4 - 8) + 6 - -1) + -2 + -3.
-2
What is 8 - ((6 - -4) + -1) - 0?
-1
Calculate 1 + 5 + (-11 - (13 - 18)).
0
Calculate (-226 - -234 - (20 - 0)) + -10.
-22
Evaluate (-6 + 3 + 14 - (22 + 0)) + 5.
-6
Calculate (5 + -9 + -15 - (-58 - -50)) + -23.
-34
-5 - -5 - (2 + -8 + 4)
2
25278 + -25277 + (-1 - -7 - (1 - 1))
7
What is (1 + 0 + 0 - -8) + 3?
12
Calculate 6 + -22 + 9 + (-1 - -6).
-2
What is -24 + 8 - -25 - 4?
5
Evaluate (9 - 46 - -23) + 6.
-8
What is 2 + -3 - 12 - -2?
-11
What is the value of 1 + 3 + (29 - (-16 + 41))?
8
-24 + (-2 - -6 - 0) + (-103 - -104)
-19
Calculate 23 + -9 + 17 - 11.
20
Calculate 13 + (4 - (0 - -21)).
-4
What is 7 - (11 + -5) - (4 + -3)?
0
Calculate -6 + (13 - -9) + -13.
3
0 + -2 + 16 + (-83 - -73) + -5
-1
What is the value of -9 + 22 - (0 - (5 + -4 + 3))?
17
Calculate 10 - (0 + 12 + 2).
-4
What is 1 + (6 + (-12 - -1) - -7) + -1?
2
8 - -11 - (10 - 2)
11
What is (-43 - (20 + 13 + -53)) + 12?
-11
Calculate 14 - (18 - 9) - (23 - -5).
-23
What is the value of 32 + -25 + -24 + 24?
7
5 - (15 - (10 + 6) - (2 + 18))
26
What is the value of (-7 + -1 - (-16 - (-7 - 10))) + -16?
-25
What is the value of (-3 - -4 - -3) + (28 - 15) + -27?
-10
What is the value of (1 - 0 - 1) + (-89 - -43) + 36?
-10
What is 28 + -45 + (19 - -8)?
10
What is the value of 1 + -11 - (16 - (-8 - 9) - 15)?
-28
What is the value of 12 + -7 + (45 - 53)?
-3
-14 + 4 + (1 - -25)
16
What is the value of 6 + -4 + -16 + 0?
-14
Evaluate 174 + -204 - (-13 + -1).
-16
Calculate 7 + 16 + -9 - 24.
-10
Calculate 14 + (12 - 16) + (-21 - -8).
-3
What is the value of 2 + 6 - (64 - 44)?
-12
What is (0 - 2) + (-66 - -59) - (23 + -2)?
-30
Calculate -5 + 43 + -39 + 8 + -1.
6
Evaluate -18 + 2 + 3 + -9 + (3 - -14).
-5
What is (-7 - -26) + (17 - 37)?
-1
What is the value of -11 + (-12 - -12 - -11) + (-3 - -26)?
23
What is (13 - 12) + -8 - (4 + -2 + -8)?
-1
Evaluate -9 - (-7 + (9 - 19) - -1).
7
What is 17 - (30 - (14 + 15))?
16
Calculate -3 + 3 - ((22 - 14 - -1) + -5).
-4
What is -3 + (-9 - -1) - (-14 + -9 + 25)?
-13
What is (20 - 8) + 13 + -22?
3
Calculate -3 - -3 - ((1 - 2) + -30 + 25).
6
What is the value of -29 - -6 - (-18 - -3)?
-8
What is the value of (9 + -5 + -5 - (-7 - -3)) + -17?
-14
What is the value of -17 + 17 - (2 + -4) - 17?
-15
(-3 - (-1 - 3 - -2)) + 0 - 8
-9
Calculate (-30 - (35 - 57)) + -3 + 0.
-11
What is the value of 3 - (-5 + 1 - 1) - (1 - 17)?
24
Calculate 1 + 10 + (17 - (14 - 0)).
14
21 - 6 - (-19 + (1 - -58))
-25
12 + -2 + -17 + (38 + 0 - -2)
33
Evaluate -103 + 83 + 0 + 8.
-12
What is -13 - (-4 + 4) - ((-5 - -7) + -7)?
-8
(154 - 186) + (-4 + 4 - -4 - -4)
-24
What is -131 - -126 - (1 - (0 - -19) - 3)?
16
10 + 3 + -9 + (7 - -6) + -6
11
What is 32 + -38 - (-13 - 2)?
9
What is the value of -41 - 7 - (-8 - 18)?
-22
What is -19 + 12 + 12 + 0?
5
-11 - (0 + 11 + -8) - -13
-1
Calculate 0 + -16 + -416 + 425 - 23.
-30
What is the value of (-98 - -103 - (-1 - 1)) + 2 + -1?
8
-62 - -40 - 7 - -7
-22
What is the value of -13 + (23 - 13 - -12)?
9
What is the value of 10 + (-10 - -2) - (-1 - -1)?
2
Evaluate -22 - (-7 + 5 + -5 + -5).
-10
Evaluate (-10 - (-1 + -5 - -7)) + -1 + -2.
-14
(13 - 2) + (62 - 64)
9
What is the value of (-27 - (-15 - -7 - 0)) + 0 + 5?
-14
(8 - (0 + (2 - 1))) + -6
1
17 + 14 + -40 - -6
-3
Evaluate 12 + (11 - (30 - -1)).
-8
What is 223 + -202 + (-1 - 1)?
19
What is the value of -5 + -25 + 35 + -17?
-12
Calculate 2 + -7 + (-7 + 1 - -8).
-3
What is the value of -24 + 2 + 42 + -7 + 2?
15
What is 37 + -43 + (-10 - (-2 + 0))?
-14
What is the value of 0 + (-3 + 5 - -1 - 0)?
3
Calculate -10 - -45 - 14 - 22.
-1
(-26 - -14) + 17 - 7
-2
Calculate (1 + (-10 - -5) - (20 + -7)) + 2.
-15
-18 + -2 + 26 - -15
21
What is the value of -9 - -16 - (2 - 16)?
21
Calculate 6 - (-10 - -3) - 6.
7
16 - 24 - (-3 + -2